(18).
145
Let o(r) = r**3 + 12*r**2 + 6*r - 46. Let y be o(-11). Let b(x) = 3 + 8 + 5 - y - 5*x. Determine b(5).
-18
Let l(i) = -2*i**3 - 13*i**2 - 2*i + 68. Let x be l(-5). Let g(j) be the second derivative of 0 - x*j**2 - 1/3*j**3 + 5*j. Calculate g(5).
-16
Let r(f) = -7*f**2 - 8*f - 3. Let v(p) = 32*p**2 + 32*p + 12. Let h(u) = 9*r(u) + 2*v(u). Let b(m) = 2*m**2 - 16*m - 8. Let z(k) = 4*b(k) - 9*h(k). Give z(5).
10
Let r(s) = 9 + 40 - 16 + 21 + 5*s + 40. What is r(-19)?
-1
Let y(i) = 4*i**2. Let s be -5 - 16/(-8 + 4). Let k be y(s). Let c(f) = 5*f - f**2 + 0 + 5 - 2. Determine c(k).
7
Let q(v) be the second derivative of 28*v**3/3 - 113*v**2 + 1019*v. Give q(4).
-2
Let b(t) = -t**2 + 7*t + 3. Suppose -11*g - 2899 = 2458. Let u = g - -494. What is b(u)?
3
Suppose -968 = -8*d + 10*d + 2*b, 492 = -d + 3*b. Let a = -486 - d. Let x(h) = -2*h + 10. Calculate x(a).
10
Let j(w) be the first derivative of w**2/2 + w - 122. Let p = 3 - 6. Let q be p*7/(63/12). What is j(q)?
-3
Suppose 4*d - 3*d - 3 = 0. Let o(p) = -p**2 - 7*p + 14. Let h be o(-7). Let s(a) = h*a + 19*a + 2 - 1 - 29*a. Calculate s(d).
13
Suppose -13 = -6*c + 5. Let p be (-36)/18*c/(-2). Let z(j) = 4*j + p + 2 + 2 - 2*j. Give z(-7).
-7
Suppose 1 = -b - 2. Let q = 744 - 741. Let n(d) = d**3 + 6*d**2 - 3*d + 11. Let v(i) = -i**3 - 5*i**2 + 2*i - 9. Let c(j) = q*n(j) + 4*v(j). Give c(b).
9
Let o(n) = n + 7. Let z be (-19)/2*(-1 - -5 - 14). Suppose 85*t - z*t - 30 = 0. Give o(t).
4
Let z(r) = -r**2 - 18*r - 42. Let b be z(-15). Suppose -4*m + b = 3*j, 4*j - 2*m - 35 = 3*m. Let p(a) = a**3 - 5*a**2 - 3. Determine p(j).
-3
Let b be 21 + -2 - (-1 - 2). Suppose 58 = 5*g - b. Let s(j) = -g*j**3 - 14 + 14 + j - 2*j. Give s(1).
-17
Let n(t) = -t**3 + 4*t - 101*t**2 - 110*t**2 + 215*t**2. What is n(4)?
16
Suppose 68*y + 91 = 69*y. Let z(c) = 4*c + c**2 - 181 - c + y + 92. Give z(-6).
20
Let q be (14/4)/(3/6). Let h(i) be the third derivative of -1/4*i**4 + 14*i**2 + 5/6*i**3 + 0*i + 0 + 1/60*i**5. Give h(q).
12
Suppose 0*d + 3*d + 4*h + 37 = 0, -2*d + 2*h - 6 = 0. Let u(k) be the third derivative of -k**4/8 - 13*k**3/6 + k**2 - 78. Give u(d).
8
Let c(d) be the first derivative of d**3/3 + 11*d**2/2 + 6*d + 2. Let b = -6493 + 6484. Determine c(b).
-12
Let m be 40/100 - (-23)/5 - (7 - 2). Let s(j) = 7*j - 71. Give s(m).
-71
Suppose 0 = -2*j + 3*v + 6, 2*v + 5 + 3 = 0. Let h be j/6*(-4)/2. Let l(r) = -r**3 + r**2 - 1. Let g be l(h). Let m(x) = -14*x**3 + 2*x + 1. What is m(g)?
13
Let l(n) = -165 - 2*n + 336 - 179 + n**2. Determine l(6).
16
Let r(c) = 2*c**3 + 1. Let t(x) = 2 + 20*x - 8*x - 39 - 8*x. Let j be t(9). Determine r(j).
-1
Let g(y) = -221*y + 1. Let b(x) = -374*x + 3. Let d(c) = 3*b(c) - 5*g(c). Determine d(-1).
21
Suppose 3*g - 57 = 5*h - 52, 2*g + 26 = -4*h. Let z(b) be the third derivative of b**4/24 - b**3 + 5*b**2. Determine z(g).
-11
Let u(r) = -2*r**2 + 21*r - 41. Let i = -2928 - -2936. Give u(i).
-1
Let g(n) = 11 + 4 + 14 - 2*n**2 + 26 - 98 - 46*n. Determine g(-22).
1
Let j be (2/(-18)*-6)/(5/(-15)). Suppose -5*m = 3*o + 12, 0 = 4*o + 4*m + m + 11. Let l(u) = o + u**2 + u**2 - 3*u**2 - 2*u. What is l(j)?
1
Let w(y) = y - 836 + 306 + 544. Suppose -2*p - 30 = -2*c, -5*p + 2*p + 5*c = 49. Give w(p).
1
Let n = -6274 + 6285. Let q(d) = d**2 - 20*d + 47. Give q(n).
-52
Let l be -4 - (-30)/(3 - -2). Let v = -84 + 142. Let q(g) = -2*g**2 + v + 3*g**2 - 58. What is q(l)?
4
Let j = -20528/3 - -6844. Let b(k) be the second derivative of -21*k + j*k**3 + 2*k**2 + 1/12*k**4 + 0. What is b(-7)?
-3
Let w(c) = -97*c - 36. Let i(t) = 177*t + 75. Let h(a) = -5*i(a) - 9*w(a). Determine h(-4).
-3
Let n(d) = 5*d + 1562 - 438*d**2 - 1562 + 435*d**2. Give n(-2).
-22
Let n(y) = 19*y**2 + 9*y**2 - 39*y**2 + y**3 - 16 + 18*y**2 + 13*y**2. What is n(-20)?
-16
Let d(f) be the first derivative of -f**4/4 + 8*f**3/3 + f**2 - 11*f - 4. Suppose 0*j + 11*j - 913 = 0. Suppose -j*s = -69*s - 112. Determine d(s).
5
Let c(z) be the first derivative of 0*z - 1/3*z**3 - 14 - 2*z**2 - 1/8*z**4. Let h(s) be the second derivative of c(s). Calculate h(-3).
7
Let a(f) be the third derivative of -f**6/120 - 13*f**5/30 - f**3/2 + 1670*f**2. Give a(-26).
-3
Let k(c) = 10*c - 129. Let r(u) = 3*u - 34. Let d(b) = -2*k(b) + 7*r(b). Calculate d(10).
30
Let r(w) = -w**3 - 5*w**2 - 6*w - 5. Let y be 6*4/8 - (-2 - 59). Let s be ((-4)/3)/4 - y/6. Let u = s - -7. Determine r(u).
3
Let f = 468 + 242. Let c = 721 - f. Let l(y) = -y**2 + 10*y + 6. Determine l(c).
-5
Let t(d) = -4 + 5 + 3*d + d. Let l be -12 + (-2 - 5) + (24 - 7). Determine t(l).
-7
Let f(y) = -3*y**2 - 19*y + 259. Let d(x) = -2*x**2 - 13*x + 172. Let i(b) = -10*d(b) + 7*f(b). Give i(8).
5
Let v(m) = -m**3 + 7*m**2 - 7*m. Let z be (32/(-6))/1 - (-2)/6. Let j be (2 - (-8)/z) + (-23)/(-5). Calculate v(j).
15
Let c(z) = 11*z + 14659 + 14685 - 29362. Give c(5).
37
Let a(s) be the third derivative of -s**6/120 - s**5/10 + 3*s**4/8 + 15*s**2. Let o = -2338 + 2331. Calculate a(o).
-14
Let r(m) = -11*m - 71. Let g(f) = -f**3 - 2*f**2 + 11*f + 16. Let u be g(-2). Calculate r(u).
-5
Let t = 89 + -88. Let m(y) = -y**3 - y**2 + y + 2. Let v(o) = -2*o**3 + 4*o**2 + 6*o + 12. Let p(z) = t*v(z) - 3*m(z). What is p(-7)?
-15
Suppose 83 - 68 = 5*a. Let j be a - (7/(-1) + 17). Let f(c) = -c. Calculate f(j).
7
Let j(b) = 7*b**3 + b**2 - b - 3. Suppose -3*u - 26 = -5*m, -3*u - 83 + 21 = -14*m. Calculate j(u).
-53
Let m(s) be the third derivative of s**6/60 - 7*s**5/30 + 7*s**4/8 - 2*s**3/3 + 2169*s**2. Calculate m(5).
1
Let p be ((-44)/36 - -1)*9. Let u be p/(21/35 + -1). Let x(k) = -4*k - 5. Calculate x(u).
-25
Let k(y) = -y**2 - 9*y - 17. Let v(u) = 2*u + 16. Let s be v(-11). Let a be k(s). Let g(h) = 3*h**3 + 2*h - 1. Calculate g(a).
4
Let k(f) = 27*f - 11. Let w be k(1). Let v(m) = 8*m + 9*m + 3*m - w*m + 6*m. Calculate v(1).
10
Let w(a) be the second derivative of -a**3/2 - 7*a**2/2 + a. Let x = -42648 + 42639. What is w(x)?
20
Let r(o) = -7*o**3 - o. Let v(p) = -p**2 - 7*p - 16. Let a be v(-5). Let q be 1*-3*a/(-18). Calculate r(q).
8
Let c(u) = -15*u - 100. Let n be c(-9). Let x be ((-93)/(-465))/(1/(n - 0)). Let w(j) = -j**2 + 12*j - 36. What is w(x)?
-1
Let v(x) = -12*x - 24. Let w be v(-2). Suppose w = 24*l - 120*l - 192. Let j(b) = 4*b**2 + 2 + 0 + 0*b**2. Determine j(l).
18
Let w(a) be the first derivative of -a**3/3 - 3*a**2 + 2*a + 266. Let c(y) = y**2 - 4*y - 9. Let k be c(4). Give w(k).
-25
Let b(y) = -5*y + 4*y - 10 + 2. Let r = 412945 - 412955. What is b(r)?
2
Let d = 9 + -4. Let p(i) = 8*i - 6*i + 0*i - 1 + 4*i - i**3 - d*i**2. Let y(g) = 2*g + 74. Let q be y(-40). Give p(q).
-1
Let d(r) = 234 + 34*r - 75*r + 18*r + 2*r. Calculate d(11).
3
Let g(q) = 8*q + 268. Let x be g(-34). Let y(s) be the first derivative of s**4/4 + 2*s**3 + 5*s**2/2 - 2*s - 4. Give y(x).
10
Let k(h) = -36*h + 2. Let m(t) = 113*t + 8. Let j(o) = -6*k(o) - 2*m(o). Determine j(7).
-98
Suppose 3*u - 182 = -173. Let s(t) = 0*t**3 + 0*t**3 + 11*t**2 - 16*t**2 - 8 - t**u. Determine s(-6).
28
Let r = -19 - -21. Let g(p) = -p + 7. Let u be g(5). Let d(i) = 288*i - i**u - 142*i - 145*i - 2*i**2 + 2. Give d(r).
-8
Let d(t) = t - 9. Let h be d(10). Suppose 3*z + 3*v - 6 = 0, 5*v - 1 - h = 3*z. Let x(c) = -4*c**2 + 7*c**2 - 2*c**3 + z + 2 + c**3. Give x(3).
3
Let l(k) = -7*k + 1. Suppose -13*x = -9*x + 24. Let q be (-2)/x + 136/51. Let y be ((-9)/q)/(3 + -4). Calculate l(y).
-20
Let m(d) = -3*d**2 - d + 3. Let k be (-12)/2 - (-10 - -6) - 5. Let v(x) = -x - 4. Let t be v(k). Give m(t).
-27
Let y(m) = 73*m - 91*m + 55*m + 77. Give y(-2).
3
Suppose 0 = 25*v + 5*v + 46*v - 228. Let t(l) be the second derivative of 0*l**v - 2*l + 0 + 0*l**4 - 25/2*l**2 + 1/20*l**5. Give t(0).
-25
Let w(t) = 55*t**2 - 2*t - 79. Let a(g) = -13*g**2 + g + 18. Let q(d) = -17*a(d) - 4*w(d). Let l be 9*(-1 + 0 - -2). What is q(l)?
10
Let n(t) be the first derivative of 5*t + 1/3*t**3 + 9*t**2 + 304. Calculate n(-17).
-12
Suppose -13*s = -329 - 9. Suppose -29*f = -5*d - s*f - 33, -f = d + 5. Let j(r) = -4*r - 2. What is j(d)?
22
Suppose 4*r + 243 + 149 = 0. Suppose -3*d = 5*y + 309, -133 + 510 = -4*d + 5*y. Let o = d - r. Let l(h) = h + 2. Determine l(o).
2
Let p(y) = 4*y**3 + 3202*y**2 - 3203*y**2 - 12*y**3. Calculate p(2).
-68
Let p(v) b